{"id":2333,"date":"2024-11-24T16:26:15","date_gmt":"2024-11-24T19:26:15","guid":{"rendered":"https:\/\/escolanacionaldepericias.org.br\/loja\/?page_id=2333"},"modified":"2024-11-24T16:38:00","modified_gmt":"2024-11-24T19:38:00","slug":"edital-de-resultado-002-2024","status":"publish","type":"page","link":"https:\/\/escolanacionaldepericias.org.br\/loja\/edital-de-resultado-002-2024\/","title":{"rendered":"EDITAL  DE RESULTADO 002\/2024"},"content":{"rendered":"\t\t<div data-elementor-type=\"wp-page\" data-elementor-id=\"2333\" class=\"elementor elementor-2333\" data-elementor-settings=\"{&quot;premium_particles_zindex&quot;:0,&quot;premium_particles_responsive&quot;:[&quot;desktop&quot;,&quot;tablet&quot;,&quot;mobile&quot;]}\" data-elementor-post-type=\"page\">\n\t\t\t\t<div data-dce-background-image-url=\"https:\/\/escolanacionaldepericias.org.br\/loja\/wp-content\/uploads\/2024\/03\/BG-HEADERHOME.png\" class=\"elementor-element elementor-element-600a908 e-flex e-con-boxed e-con e-parent\" data-id=\"600a908\" data-element_type=\"container\" data-settings=\"{&quot;background_background&quot;:&quot;classic&quot;,&quot;premium_particles_zindex&quot;:0,&quot;premium_particles_responsive&quot;:[&quot;desktop&quot;,&quot;tablet&quot;,&quot;mobile&quot;]}\" data-core-v316-plus=\"true\">\n\t\t\t\t\t<div class=\"e-con-inner\">\n\t\t\t\t<div class=\"elementor-element elementor-element-d5bc267 elementor-widget elementor-widget-heading\" data-id=\"d5bc267\" data-element_type=\"widget\" data-widget_type=\"heading.default\">\n\t\t\t\t<div class=\"elementor-widget-container\">\n\t\t\t<style>\/*! elementor - v3.20.0 - 20-03-2024 *\/\n.elementor-heading-title{padding:0;margin:0;line-height:1}.elementor-widget-heading .elementor-heading-title[class*=elementor-size-]>a{color:inherit;font-size:inherit;line-height:inherit}.elementor-widget-heading .elementor-heading-title.elementor-size-small{font-size:15px}.elementor-widget-heading .elementor-heading-title.elementor-size-medium{font-size:19px}.elementor-widget-heading .elementor-heading-title.elementor-size-large{font-size:29px}.elementor-widget-heading .elementor-heading-title.elementor-size-xl{font-size:39px}.elementor-widget-heading .elementor-heading-title.elementor-size-xxl{font-size:59px}<\/style><h1 class=\"elementor-heading-title elementor-size-default\">EDITAL  02\/2024<\/h1>\t\t<\/div>\n\t\t\t\t<\/div>\n\t\t\t\t<div data-dce-background-color=\"#E4AB2F\" class=\"elementor-element elementor-element-fb7c769 elementor-widget elementor-widget-button\" data-id=\"fb7c769\" data-element_type=\"widget\" data-widget_type=\"button.default\">\n\t\t\t\t<div class=\"elementor-widget-container\">\n\t\t\t\t\t<div class=\"elementor-button-wrapper\">\n\t\t\t<a class=\"elementor-button elementor-button-link elementor-size-sm\" href=\"https:\/\/escolanacionaldepericias.org.br\/loja\/wp-content\/uploads\/2024\/11\/Edital-ENP-selecao-AAFS-2025-Resultado.pdf\" target=\"_blank\">\n\t\t\t\t\t\t<span class=\"elementor-button-content-wrapper\">\n\t\t\t\t\t\t<span class=\"elementor-button-icon elementor-align-icon-left\">\n\t\t\t\t<svg aria-hidden=\"true\" class=\"e-font-icon-svg e-fas-download\" viewBox=\"0 0 512 512\" xmlns=\"http:\/\/www.w3.org\/2000\/svg\"><path d=\"M216 0h80c13.3 0 24 10.7 24 24v168h87.7c17.8 0 26.7 21.5 14.1 34.1L269.7 378.3c-7.5 7.5-19.8 7.5-27.3 0L90.1 226.1c-12.6-12.6-3.7-34.1 14.1-34.1H192V24c0-13.3 10.7-24 24-24zm296 376v112c0 13.3-10.7 24-24 24H24c-13.3 0-24-10.7-24-24V376c0-13.3 10.7-24 24-24h146.7l49 49c20.1 20.1 52.5 20.1 72.6 0l49-49H488c13.3 0 24 10.7 24 24zm-124 88c0-11-9-20-20-20s-20 9-20 20 9 20 20 20 20-9 20-20zm64 0c0-11-9-20-20-20s-20 9-20 20 9 20 20 20 20-9 20-20z\"><\/path><\/svg>\t\t\t<\/span>\n\t\t\t\t\t\t<span class=\"elementor-button-text\">Edital ENP - Selec\u0327a\u0303o AAFS 2025 - Resultado<\/span>\n\t\t<\/span>\n\t\t\t\t\t<\/a>\n\t\t<\/div>\n\t\t\t\t<\/div>\n\t\t\t\t<\/div>\n\t\t\t\t\t<\/div>\n\t\t\t\t<\/div>\n\t\t<div data-dce-background-color=\"#000000\" class=\"elementor-element elementor-element-ee6a571 e-flex e-con-boxed e-con e-parent\" data-id=\"ee6a571\" data-element_type=\"container\" data-settings=\"{&quot;background_background&quot;:&quot;classic&quot;,&quot;premium_particles_zindex&quot;:0,&quot;premium_particles_responsive&quot;:[&quot;desktop&quot;,&quot;tablet&quot;,&quot;mobile&quot;]}\" data-core-v316-plus=\"true\">\n\t\t\t\t\t<div class=\"e-con-inner\">\n\t\t\t\t<div class=\"elementor-element elementor-element-c41efdb elementor-widget elementor-widget-heading\" data-id=\"c41efdb\" data-element_type=\"widget\" data-widget_type=\"heading.default\">\n\t\t\t\t<div class=\"elementor-widget-container\">\n\t\t\t<h3 class=\"elementor-heading-title elementor-size-default\">SELE\u00c7\u00c3O DE CANDIDATOS A AUX\u00cdLIO FINANCEIRO PARA PARTICIPA\u00c7\u00c3O NA CONFER\u00caNCIA ANUAL DA ACADEMIA AMERICANA DE CI\u00caNCIAS FORENSES \u2013 AAFS 2025<\/h3>\t\t<\/div>\n\t\t\t\t<\/div>\n\t\t\t\t\t<\/div>\n\t\t\t\t<\/div>\n\t\t<div data-dce-background-color=\"#FFFFFF\" class=\"elementor-element elementor-element-93d403f e-flex e-con-boxed e-con e-parent\" data-id=\"93d403f\" data-element_type=\"container\" data-settings=\"{&quot;background_background&quot;:&quot;classic&quot;,&quot;premium_particles_zindex&quot;:0,&quot;premium_particles_responsive&quot;:[&quot;desktop&quot;,&quot;tablet&quot;,&quot;mobile&quot;]}\" data-core-v316-plus=\"true\">\n\t\t\t\t\t<div class=\"e-con-inner\">\n\t\t\t\t<div class=\"elementor-element elementor-element-84ff137 elementor-widget elementor-widget-heading\" data-id=\"84ff137\" data-element_type=\"widget\" data-widget_type=\"heading.default\">\n\t\t\t\t<div class=\"elementor-widget-container\">\n\t\t\t<h2 class=\"elementor-heading-title elementor-size-default\">1. PRE\u00c2MBULO<\/h2>\t\t<\/div>\n\t\t\t\t<\/div>\n\t\t\t\t<div class=\"elementor-element elementor-element-864a712 elementor-widget elementor-widget-text-editor\" data-id=\"864a712\" data-element_type=\"widget\" data-widget_type=\"text-editor.default\">\n\t\t\t\t<div class=\"elementor-widget-container\">\n\t\t\t<style>\/*! elementor - v3.20.0 - 20-03-2024 *\/\n.elementor-widget-text-editor.elementor-drop-cap-view-stacked .elementor-drop-cap{background-color:#69727d;color:#fff}.elementor-widget-text-editor.elementor-drop-cap-view-framed .elementor-drop-cap{color:#69727d;border:3px solid;background-color:transparent}.elementor-widget-text-editor:not(.elementor-drop-cap-view-default) .elementor-drop-cap{margin-top:8px}.elementor-widget-text-editor:not(.elementor-drop-cap-view-default) .elementor-drop-cap-letter{width:1em;height:1em}.elementor-widget-text-editor .elementor-drop-cap{float:left;text-align:center;line-height:1;font-size:50px}.elementor-widget-text-editor .elementor-drop-cap-letter{display:inline-block}<\/style>\t\t\t\t<p>1.1. O Diretor-Geral da Funda\u00e7\u00e3o Justi\u00e7a pela Ci\u00eancia, no uso de suas atribui\u00e7\u00f5es, torna p\u00fablico o resultado do Edital sele\u00e7\u00e3o de trabalhos de pesquisadores brasileiros da \u00e1rea de Ci\u00eancias Forenses, a aux\u00edlio financeiro para fins de participa\u00e7\u00e3o na <em>American Academy of Forensic Sciences (AAFS) Annual Scientific Conference 2025<\/em> que ser\u00e1 realizada de 17 a 22 de fevereiro de 2025, no <em>Baltimore Convention Center, Baltimore, Maryland, United States of America<\/em>, conforme as disposi\u00e7\u00f5es estabelecidas no Edital 01\/2024 \u2013 ENP.<\/p>\t\t\t\t\t\t<\/div>\n\t\t\t\t<\/div>\n\t\t\t\t<div class=\"elementor-element elementor-element-5b8bd0b elementor-widget elementor-widget-heading\" data-id=\"5b8bd0b\" data-element_type=\"widget\" data-widget_type=\"heading.default\">\n\t\t\t\t<div class=\"elementor-widget-container\">\n\t\t\t<h2 class=\"elementor-heading-title elementor-size-default\">2. TRABALHOS SELECIONADOS<\/h2>\t\t<\/div>\n\t\t\t\t<\/div>\n\t\t\t\t<div class=\"elementor-element elementor-element-76fdf55 elementor-widget elementor-widget-text-editor\" data-id=\"76fdf55\" data-element_type=\"widget\" data-widget_type=\"text-editor.default\">\n\t\t\t\t<div class=\"elementor-widget-container\">\n\t\t\t\t\t\t\t<p>2.1. Foram selecionados <strong>2 (dois) trabalhos na categoria pesquisador <\/strong>(sem restri\u00e7\u00e3o de idade):<\/p><p style=\"padding-left: 40px;\"><em>\u00a02.1.1 Woman in Danger Thermometer: An AI-Driven Predictive Tool Designed to Assess the Risk of Femicide<\/em>, de autoria de <strong>Ingrid Knochenhauer de Souza Mendes<\/strong> da Pol\u00edcia Cient\u00edfica de Santa Catarina.<\/p><p style=\"padding-left: 40px;\"><em>2.1.2 Artificial Intelligence Tools Applied to Forensic Engineering Cases: Overcoming This Challenge Through an Academic Cooperation Program, de <\/em>autoria de <strong>Jos\u00e9 Alysson Dehon Moraes Medeiros <\/strong>do Setor T\u00e9cnico-Cient\u00edfico da Pol\u00edcia Federal da Para\u00edba.<\/p>\t\t\t\t\t\t<\/div>\n\t\t\t\t<\/div>\n\t\t\t\t<div class=\"elementor-element elementor-element-5a9954e elementor-widget elementor-widget-heading\" data-id=\"5a9954e\" data-element_type=\"widget\" data-widget_type=\"heading.default\">\n\t\t\t\t<div class=\"elementor-widget-container\">\n\t\t\t<h2 class=\"elementor-heading-title elementor-size-default\">3. DAS DISPOSI\u00c7\u00d5ES FINAIS<\/h2>\t\t<\/div>\n\t\t\t\t<\/div>\n\t\t\t\t<div class=\"elementor-element elementor-element-c98f27c elementor-widget elementor-widget-text-editor\" data-id=\"c98f27c\" data-element_type=\"widget\" data-widget_type=\"text-editor.default\">\n\t\t\t\t<div class=\"elementor-widget-container\">\n\t\t\t\t\t\t\t<p>3.1. Os candidatos selecionados dever\u00e3o confirmar seu interesse de participa\u00e7\u00e3o por meio de resposta ao e-mail enviado pela Funda\u00e7\u00e3o (<strong>aafs@justicapelaciencia.org.br<\/strong>), no prazo de at\u00e9 <strong>03 (tr\u00eas) dias \u00fateis<\/strong>, sob pena de elimina\u00e7\u00e3o.<\/p><p>3.2.\u00a0 Os candidatos que tiverem d\u00favidas ou desejarem mais informa\u00e7\u00f5es dever\u00e3o entrar em contato pelo e-mail: selecao.aafs@justicapelaciencia.org.br.<\/p><p>3.3.\u00a0 Casos omissos ser\u00e3o decididos pela Comiss\u00e3o Avaliadora.<\/p>\t\t\t\t\t\t<\/div>\n\t\t\t\t<\/div>\n\t\t\t\t\t<\/div>\n\t\t\t\t<\/div>\n\t\t\t\t<\/div>\n\t\t","protected":false},"excerpt":{"rendered":"<p>EDITAL 02\/2024 &nbsp; Edital ENP &#8211; Selec\u0327a\u0303o AAFS 2025 &#8211; Resultado SELE\u00c7\u00c3O DE CANDIDATOS A AUX\u00cdLIO FINANCEIRO PARA PARTICIPA\u00c7\u00c3O NA CONFER\u00caNCIA ANUAL DA ACADEMIA AMERICANA DE CI\u00caNCIAS FORENSES \u2013 AAFS 2025 1. PRE\u00c2MBULO 1.1. O Diretor-Geral da Funda\u00e7\u00e3o Justi\u00e7a pela Ci\u00eancia, no uso de suas atribui\u00e7\u00f5es, torna p\u00fablico o resultado do Edital sele\u00e7\u00e3o de trabalhos [&hellip;]<\/p>\n","protected":false},"author":1,"featured_media":0,"parent":0,"menu_order":0,"comment_status":"closed","ping_status":"closed","template":"elementor_header_footer","meta":{"_acf_changed":false,"footnotes":""},"class_list":["post-2333","page","type-page","status-publish","hentry"],"acf":[],"yoast_head":"<!-- This site is optimized with the Yoast SEO plugin v25.0 - https:\/\/yoast.com\/wordpress\/plugins\/seo\/ -->\n<title>EDITAL DE RESULTADO 002\/2024 - Escola Nacional de Per\u00edcias<\/title>\n<meta name=\"robots\" content=\"index, follow, max-snippet:-1, max-image-preview:large, max-video-preview:-1\" \/>\n<link rel=\"canonical\" href=\"https:\/\/escolanacionaldepericias.org.br\/loja\/edital-de-resultado-002-2024\/\" \/>\n<meta property=\"og:locale\" content=\"pt_BR\" \/>\n<meta property=\"og:type\" content=\"article\" \/>\n<meta property=\"og:title\" content=\"EDITAL DE RESULTADO 002\/2024 - Escola Nacional de Per\u00edcias\" \/>\n<meta property=\"og:description\" content=\"EDITAL 02\/2024 &nbsp; Edital ENP &#8211; Selec\u0327a\u0303o AAFS 2025 &#8211; Resultado SELE\u00c7\u00c3O DE CANDIDATOS A AUX\u00cdLIO FINANCEIRO PARA PARTICIPA\u00c7\u00c3O NA CONFER\u00caNCIA ANUAL DA ACADEMIA AMERICANA DE CI\u00caNCIAS FORENSES \u2013 AAFS 2025 1. PRE\u00c2MBULO 1.1. O Diretor-Geral da Funda\u00e7\u00e3o Justi\u00e7a pela Ci\u00eancia, no uso de suas atribui\u00e7\u00f5es, torna p\u00fablico o resultado do Edital sele\u00e7\u00e3o de trabalhos [&hellip;]\" \/>\n<meta property=\"og:url\" content=\"https:\/\/escolanacionaldepericias.org.br\/loja\/edital-de-resultado-002-2024\/\" \/>\n<meta property=\"og:site_name\" content=\"Escola Nacional de Per\u00edcias\" \/>\n<meta property=\"article:modified_time\" content=\"2024-11-24T19:38:00+00:00\" \/>\n<meta name=\"twitter:card\" content=\"summary_large_image\" \/>\n<meta name=\"twitter:label1\" content=\"Est. tempo de leitura\" \/>\n\t<meta name=\"twitter:data1\" content=\"2 minutos\" \/>\n<script type=\"application\/ld+json\" class=\"yoast-schema-graph\">{\"@context\":\"https:\/\/schema.org\",\"@graph\":[{\"@type\":\"WebPage\",\"@id\":\"https:\/\/escolanacionaldepericias.org.br\/loja\/edital-de-resultado-002-2024\/\",\"url\":\"https:\/\/escolanacionaldepericias.org.br\/loja\/edital-de-resultado-002-2024\/\",\"name\":\"EDITAL DE RESULTADO 002\/2024 - Escola Nacional de Per\u00edcias\",\"isPartOf\":{\"@id\":\"https:\/\/escolanacionaldepericias.org.br\/loja\/#website\"},\"datePublished\":\"2024-11-24T19:26:15+00:00\",\"dateModified\":\"2024-11-24T19:38:00+00:00\",\"breadcrumb\":{\"@id\":\"https:\/\/escolanacionaldepericias.org.br\/loja\/edital-de-resultado-002-2024\/#breadcrumb\"},\"inLanguage\":\"pt-BR\",\"potentialAction\":[{\"@type\":\"ReadAction\",\"target\":[\"https:\/\/escolanacionaldepericias.org.br\/loja\/edital-de-resultado-002-2024\/\"]}]},{\"@type\":\"BreadcrumbList\",\"@id\":\"https:\/\/escolanacionaldepericias.org.br\/loja\/edital-de-resultado-002-2024\/#breadcrumb\",\"itemListElement\":[{\"@type\":\"ListItem\",\"position\":1,\"name\":\"In\u00edcio\",\"item\":\"https:\/\/escolanacionaldepericias.org.br\/loja\/\"},{\"@type\":\"ListItem\",\"position\":2,\"name\":\"EDITAL DE RESULTADO 002\/2024\"}]},{\"@type\":\"WebSite\",\"@id\":\"https:\/\/escolanacionaldepericias.org.br\/loja\/#website\",\"url\":\"https:\/\/escolanacionaldepericias.org.br\/loja\/\",\"name\":\"Escola Nacional de Per\u00edcias\",\"description\":\"\",\"publisher\":{\"@id\":\"https:\/\/escolanacionaldepericias.org.br\/loja\/#organization\"},\"potentialAction\":[{\"@type\":\"SearchAction\",\"target\":{\"@type\":\"EntryPoint\",\"urlTemplate\":\"https:\/\/escolanacionaldepericias.org.br\/loja\/?s={search_term_string}\"},\"query-input\":{\"@type\":\"PropertyValueSpecification\",\"valueRequired\":true,\"valueName\":\"search_term_string\"}}],\"inLanguage\":\"pt-BR\"},{\"@type\":\"Organization\",\"@id\":\"https:\/\/escolanacionaldepericias.org.br\/loja\/#organization\",\"name\":\"Escola Nacional de Per\u00edcias\",\"url\":\"https:\/\/escolanacionaldepericias.org.br\/loja\/\",\"logo\":{\"@type\":\"ImageObject\",\"inLanguage\":\"pt-BR\",\"@id\":\"https:\/\/escolanacionaldepericias.org.br\/loja\/#\/schema\/logo\/image\/\",\"url\":\"https:\/\/escolanacionaldepericias.org.br\/loja\/wp-content\/uploads\/2024\/02\/logohorizonte.png\",\"contentUrl\":\"https:\/\/escolanacionaldepericias.org.br\/loja\/wp-content\/uploads\/2024\/02\/logohorizonte.png\",\"width\":708,\"height\":352,\"caption\":\"Escola Nacional de Per\u00edcias\"},\"image\":{\"@id\":\"https:\/\/escolanacionaldepericias.org.br\/loja\/#\/schema\/logo\/image\/\"}}]}<\/script>\n<!-- \/ Yoast SEO plugin. -->","yoast_head_json":{"title":"EDITAL DE RESULTADO 002\/2024 - Escola Nacional de Per\u00edcias","robots":{"index":"index","follow":"follow","max-snippet":"max-snippet:-1","max-image-preview":"max-image-preview:large","max-video-preview":"max-video-preview:-1"},"canonical":"https:\/\/escolanacionaldepericias.org.br\/loja\/edital-de-resultado-002-2024\/","og_locale":"pt_BR","og_type":"article","og_title":"EDITAL DE RESULTADO 002\/2024 - Escola Nacional de Per\u00edcias","og_description":"EDITAL 02\/2024 &nbsp; Edital ENP &#8211; Selec\u0327a\u0303o AAFS 2025 &#8211; Resultado SELE\u00c7\u00c3O DE CANDIDATOS A AUX\u00cdLIO FINANCEIRO PARA PARTICIPA\u00c7\u00c3O NA CONFER\u00caNCIA ANUAL DA ACADEMIA AMERICANA DE CI\u00caNCIAS FORENSES \u2013 AAFS 2025 1. PRE\u00c2MBULO 1.1. O Diretor-Geral da Funda\u00e7\u00e3o Justi\u00e7a pela Ci\u00eancia, no uso de suas atribui\u00e7\u00f5es, torna p\u00fablico o resultado do Edital sele\u00e7\u00e3o de trabalhos [&hellip;]","og_url":"https:\/\/escolanacionaldepericias.org.br\/loja\/edital-de-resultado-002-2024\/","og_site_name":"Escola Nacional de Per\u00edcias","article_modified_time":"2024-11-24T19:38:00+00:00","twitter_card":"summary_large_image","twitter_misc":{"Est. tempo de leitura":"2 minutos"},"schema":{"@context":"https:\/\/schema.org","@graph":[{"@type":"WebPage","@id":"https:\/\/escolanacionaldepericias.org.br\/loja\/edital-de-resultado-002-2024\/","url":"https:\/\/escolanacionaldepericias.org.br\/loja\/edital-de-resultado-002-2024\/","name":"EDITAL DE RESULTADO 002\/2024 - Escola Nacional de Per\u00edcias","isPartOf":{"@id":"https:\/\/escolanacionaldepericias.org.br\/loja\/#website"},"datePublished":"2024-11-24T19:26:15+00:00","dateModified":"2024-11-24T19:38:00+00:00","breadcrumb":{"@id":"https:\/\/escolanacionaldepericias.org.br\/loja\/edital-de-resultado-002-2024\/#breadcrumb"},"inLanguage":"pt-BR","potentialAction":[{"@type":"ReadAction","target":["https:\/\/escolanacionaldepericias.org.br\/loja\/edital-de-resultado-002-2024\/"]}]},{"@type":"BreadcrumbList","@id":"https:\/\/escolanacionaldepericias.org.br\/loja\/edital-de-resultado-002-2024\/#breadcrumb","itemListElement":[{"@type":"ListItem","position":1,"name":"In\u00edcio","item":"https:\/\/escolanacionaldepericias.org.br\/loja\/"},{"@type":"ListItem","position":2,"name":"EDITAL DE RESULTADO 002\/2024"}]},{"@type":"WebSite","@id":"https:\/\/escolanacionaldepericias.org.br\/loja\/#website","url":"https:\/\/escolanacionaldepericias.org.br\/loja\/","name":"Escola Nacional de Per\u00edcias","description":"","publisher":{"@id":"https:\/\/escolanacionaldepericias.org.br\/loja\/#organization"},"potentialAction":[{"@type":"SearchAction","target":{"@type":"EntryPoint","urlTemplate":"https:\/\/escolanacionaldepericias.org.br\/loja\/?s={search_term_string}"},"query-input":{"@type":"PropertyValueSpecification","valueRequired":true,"valueName":"search_term_string"}}],"inLanguage":"pt-BR"},{"@type":"Organization","@id":"https:\/\/escolanacionaldepericias.org.br\/loja\/#organization","name":"Escola Nacional de Per\u00edcias","url":"https:\/\/escolanacionaldepericias.org.br\/loja\/","logo":{"@type":"ImageObject","inLanguage":"pt-BR","@id":"https:\/\/escolanacionaldepericias.org.br\/loja\/#\/schema\/logo\/image\/","url":"https:\/\/escolanacionaldepericias.org.br\/loja\/wp-content\/uploads\/2024\/02\/logohorizonte.png","contentUrl":"https:\/\/escolanacionaldepericias.org.br\/loja\/wp-content\/uploads\/2024\/02\/logohorizonte.png","width":708,"height":352,"caption":"Escola Nacional de Per\u00edcias"},"image":{"@id":"https:\/\/escolanacionaldepericias.org.br\/loja\/#\/schema\/logo\/image\/"}}]}},"_links":{"self":[{"href":"https:\/\/escolanacionaldepericias.org.br\/loja\/wp-json\/wp\/v2\/pages\/2333","targetHints":{"allow":["GET"]}}],"collection":[{"href":"https:\/\/escolanacionaldepericias.org.br\/loja\/wp-json\/wp\/v2\/pages"}],"about":[{"href":"https:\/\/escolanacionaldepericias.org.br\/loja\/wp-json\/wp\/v2\/types\/page"}],"author":[{"embeddable":true,"href":"https:\/\/escolanacionaldepericias.org.br\/loja\/wp-json\/wp\/v2\/users\/1"}],"replies":[{"embeddable":true,"href":"https:\/\/escolanacionaldepericias.org.br\/loja\/wp-json\/wp\/v2\/comments?post=2333"}],"version-history":[{"count":6,"href":"https:\/\/escolanacionaldepericias.org.br\/loja\/wp-json\/wp\/v2\/pages\/2333\/revisions"}],"predecessor-version":[{"id":2347,"href":"https:\/\/escolanacionaldepericias.org.br\/loja\/wp-json\/wp\/v2\/pages\/2333\/revisions\/2347"}],"wp:attachment":[{"href":"https:\/\/escolanacionaldepericias.org.br\/loja\/wp-json\/wp\/v2\/media?parent=2333"}],"curies":[{"name":"wp","href":"https:\/\/api.w.org\/{rel}","templated":true}]}}